4*m**2 - 2. Let d be t(-4). Suppose -169 = 19*z + 2. What is the tens digit of 3184/72 - d/z?
4
Let l(q) = 5*q**2 + q + 1 - 2*q**2 - 2*q. What is the tens digit of l(-3)?
3
Let a be 3 - (-1029 + 3/(-3)). Suppose a = 4*r + 5*c, -5*r = 7*c - 4*c - 1301. What is the units digit of r?
2
Let r(x) = -9*x - 9. Let i be r(-4). Suppose -51 = -4*o - 15. Let t = i - o. What is the units digit of t?
8
Let a(d) = -25*d - 4. Let q be a(-4). Let l = q + -152. What is the tens digit of 2*1/((-4)/l)?
2
Let b(m) be the third derivative of -m**4/12 + m**2. Let i = -19 - -14. What is the units digit of b(i)?
0
Let g(r) = 2*r**3 - 23*r**2 - 61*r + 276. What is the tens digit of g(20)?
5
Suppose 5*u - 21 = -3*d, d + 2*d = -2*u + 12. Suppose 4*p + f - 233 = -0*f, -2*p + d*f = -124. What is the tens digit of p?
5
Let a be 1*-2 + (-108)/(10 - 4). What is the units digit of ((-96)/40)/((-14)/a - 1)?
8
Let n(c) = 27*c + 1407. What is the units digit of n(0)?
7
Suppose 8*g - 9709 = -11*g. What is the units digit of g?
1
Suppose 5*a + 1 = 6. Suppose -2*c - 1 = a. What is the units digit of (-16)/c - (2 - -1)?
3
Let c(h) = 5*h**2 - 2. Let s(y) = -9*y**2 + y + 3. Let n(i) = -5*c(i) - 3*s(i). Let z be (28/12 + -1)/((-2)/6). What is the units digit of n(z)?
5
Let p be 1*(140/5)/4. Let k(u) = 3 - p - 5 + 2 - 9*u. What is the units digit of k(-4)?
9
Let f(c) = -c**3 - 11*c**2 + 10. Let b be f(-11). Suppose -4*p + b = -2*p. What is the units digit of -1*p/2*-6?
5
Let s(q) = -2*q**3 - 19*q**2 + 20*q + 11. Let y(l) = l**3 + 9*l**2 - 10*l - 5. Let i(o) = -3*s(o) - 5*y(o). What is the tens digit of i(-12)?
1
What is the thousands digit of (840/7 + 11)*1*21?
2
What is the units digit of (-48)/(-8) + -14 - 5504/(-1)?
6
Let m(n) = -n - 14. Let j be m(4). What is the tens digit of (-2056)/j + (32/36)/(-4)?
1
Suppose 1507 - 18403 = -3*b. What is the tens digit of b?
3
Let s = 688 - 338. What is the tens digit of s?
5
Let z be 128/22 - (-2)/11. Let v(o) = 4*o**2 - o**3 - 5 + 6 - 3 + z*o. What is the units digit of v(5)?
3
Suppose -3*z = 3*h, 5*h + 4*z + 21 = 8*h. What is the units digit of (2 + (-4)/6 + -1)*h?
1
Suppose -8 = -4*x - 0. What is the units digit of x/(-8) + (-354)/(-8)?
4
Suppose -15 - 10 = -d. Suppose 2*x - d = -5*p, -4*p + 25 = 3*x + p. What is the tens digit of x - (-3)/((-12)/(-104))?
2
What is the hundreds digit of -126*(30 + -29 - (-61)/(-3))?
4
Suppose -5*g - 4*j + 11266 = 0, -5*g - 3*j + 3471 = -7791. What is the tens digit of g?
5
What is the units digit of (3/6)/((-6)/(-16032)) - 2?
4
Let h(w) = -63*w**3 - w**2 + 1. Suppose -3*z - 7 = -4. What is the units digit of h(z)?
3
Let k be (8/10)/(5/(-75)). Let h be 2/(-3) - (-232)/k. What is the units digit of (h/(-16))/((-4)/(-64))?
0
Suppose -9*j + 2315 + 4597 = 0. Suppose -4*o = -o + 3*t - j, -2*o - 3*t = -511. What is the tens digit of o?
5
Let p(x) = 658*x + 5. What is the hundreds digit of p(1)?
6
Let z = 10 - 14. Let t be 0*((-2)/z)/1. Suppose t = j - 8 - 3. What is the tens digit of j?
1
Suppose -1230 = -o + 3*p, 30*p = 27*p - 15. What is the hundreds digit of o?
2
Let k = 992 - 616. Suppose -10*d + 2194 + k = 0. What is the units digit of d?
7
Let y be ((-8)/3)/((-2)/21). Let o = y - 6. Suppose 5*v + o - 92 = 0. What is the units digit of v?
4
Suppose -2*i = -3*r + 438, 3*r - 2*i + 3*i = 429. Let x = -48 + r. What is the tens digit of x?
9
Let h be (465*-1)/((-3)/2). Let d = h - 446. Let o = d - -197. What is the units digit of o?
1
Let j = -8 + 3. Let w be -5*(9/j - -1). Suppose 21 = -w*u + i + 117, -i = -u + 27. What is the tens digit of u?
2
Let j(v) = -v**2 - v + 42. Let o(g) = -2*g**2 - 2*g + 42. Let s(y) = 3*j(y) - 2*o(y). What is the units digit of s(0)?
2
Let c(v) = 48*v + 267. What is the units digit of c(4)?
9
Let o = 1184 - 591. What is the tens digit of o?
9
Suppose -41*n = -32*n + 756. What is the tens digit of (n/(-18) - 4)/((-2)/(-345))?
1
Let b = 3873 - 1964. What is the units digit of b?
9
Suppose 0 = -5*h + 2*k + 2563, 5*h + 7*k = 3*k + 2539. What is the hundreds digit of h?
5
Let i(u) = -u + 3 + 5 - 7 + 81*u**2 - 2. What is the tens digit of i(-1)?
8
What is the tens digit of (-3 + 4)/((-1)/(-623))?
2
Let h = 343 - 338. Let m(y) = -y**3 - 5*y**2 - 5*y + 2. Let g be m(-4). Suppose h*p - 61 = -g. What is the units digit of p?
1
Let f be ((-8)/5)/(12/(-30)). Suppose 0 = f*q - 32 + 12. Suppose -q*j - 4*l = -82, -3*l + 79 = 5*j - 0*l. What is the tens digit of j?
1
What is the units digit of (9/(27/(-2)))/(4/(-2418))?
3
Let j be -1*(-42)/(-2) - -1. Suppose -16 = -4*f, 3*x + 2*f - 42 - 125 = 0. Let d = x + j. What is the units digit of d?
3
Suppose 5*t - 20499 = -4249. Suppose 0 = 20*n - 10*n - t. What is the tens digit of n?
2
Let v(z) be the second derivative of z**3/6 + 8*z**2 - 3*z. Let w be v(11). Suppose x - w = -0. What is the tens digit of x?
2
Let j = 3385 - 1242. What is the units digit of j?
3
Suppose -4*a = -4*x, 3 = -2*a + 11. Suppose 0 = -x*s - 2*s + 138. What is the units digit of s?
3
Let y(m) = 2*m**3 - 7*m**2 + 3*m + 7. Let w be y(5). Let v = 162 - w. What is the units digit of v?
5
Let w = 860 - 535. Let f = w + -181. What is the units digit of f?
4
Let t(l) = 16*l. Let k be t(-1). Let a = 87 - 49. Let b = k + a. What is the units digit of b?
2
Let v(r) = -4*r + 29. Let n be v(5). Let m(y) = 26*y - 38. What is the units digit of m(n)?
6
Let c(k) = -2*k**2 + 28*k + 32. Let z be c(15). Suppose a = 5*a - z*f - 704, -f + 344 = 2*a. What is the tens digit of a?
7
Let h be ((-8)/(-10))/(20/750). Suppose h = -2*j - 12. Let p = -10 - j. What is the units digit of p?
1
Let f(b) = b**3 - 10*b**2 - 11*b - 1. Let r(o) = o**2 + 4*o - 10. Let u be r(-7). Let l be f(u). What is the tens digit of 20 + (-3 - (l - -1))?
1
Let q = -19 - -25. Suppose -q = -3*m + 9. Suppose m*y - 12 - 123 = 0. What is the tens digit of y?
2
Suppose -306 + 1190 = 13*c. What is the units digit of c?
8
Suppose 0 = 2*h - 3547 + 875. What is the hundreds digit of h?
3
Let l be (4/(-6))/((-3)/(-9)). Let d = 6 + l. Suppose -36 - 8 = -d*v. What is the units digit of v?
1
Let b(a) = a**2 - 8*a - 11. What is the units digit of b(-17)?
4
Suppose 3*t = 64 + 230. Let o = 164 - t. What is the units digit of (o/(-4))/((-12)/16)?
2
Let f(m) = -7*m - 4. Let r be f(-1). Suppose -5*d + 5*o + 260 = -r*d, -4*o - 130 = -d. What is the tens digit of d?
3
Suppose -123*y + 115*y + 16192 = 0. What is the thousands digit of y?
2
Suppose -4 = -5*z - 4. Suppose z = -3*f - 3*f + 492. What is the tens digit of f?
8
Suppose 2*g = -3*g + 3*o + 8, -5*o = 4*g + 1. Let v be (27/2)/(g/(-2)). Let y = -15 - v. What is the units digit of y?
2
Let m(x) = x**2 - 6*x - 14. Let s be m(8). What is the tens digit of s*(84/4 - -1)?
4
Suppose 35 + 25 = 12*a. Suppose -a*w = 2*w - 1232. What is the hundreds digit of w?
1
Suppose 0 = 53*j + 11464 - 60224. What is the tens digit of j?
2
Let f be (-3 + 2)*(2 + -4). Suppose -f*c - 33 = l, 5*l + 4 + 1 = 0. What is the tens digit of (-1)/(5/10)*c?
3
Suppose 12*w = 17*w - 220. Let r = -34 + w. What is the tens digit of r?
1
Suppose 0 = 4*y + 2*m - 10, -1 = -3*y + y - 5*m. Let l(c) = -4*c**3 - 6 + 4*c**3 - 6*c**2 - 2*c**3 + y*c**3 + 2*c. What is the units digit of l(6)?
6
Let k be ((-6)/(-2) + (-156)/24)*-58. Suppose -5*q - 413 = -4*j, 5*j + q - k - 306 = 0. What is the tens digit of j?
0
Let x(m) = -2*m + 31. Let a be x(13). Let n(o) = o**3 - 2*o**2 - o - 3. What is the tens digit of n(a)?
6
Suppose 2*j - 60 = -4*j. Let s be 162/j + (-6)/30. Suppose 7 = n - s. What is the units digit of n?
3
Suppose -3*p + 2*c = -281, 3*p - c = 2*c + 285. What is the units digit of 52/p*(-1162)/(-4)?
6
Let o(s) = 2*s + 12. Let t be o(-5). What is the units digit of ((t - 4)/4 + 10)*26?
7
Let y = -6590 - -11067. What is the units digit of y?
7
Let m(v) = 11*v**2 - 3*v + 117. What is the hundreds digit of m(-11)?
4
Let l = 206 - 120. Let f = -31 + l. What is the units digit of f?
5
Let c(a) = 2*a + 1. Let q be c(1). Suppose 2*o - 5*h - 22 = 0, 27 = 3*o - q*h - 6. What is the tens digit of o?
1
Let x(h) = h**2 + 10*h + 31. What is the hundreds digit of x(15)?
4
Suppose 25 = -z + 57. What is the units digit of z?
2
Suppose -i = 7*o - 2*o - 93, 3*i - 4*o - 184 = 0. Suppose -2 = -5*s + i. Let r = 5 + s. What is the tens digit of r?
1
Let f(g) 